
-1538a
In base 6, what is -215 + 334?
115
In base 10, what is 3 + -2442?
-2439
In base 15, what is c164 - -21?
c185
In base 3, what is -12 + -2220222001?
-2220222020
In base 4, what is -310322030 - 2?
-310322032
In base 11, what is 574281 - 2?
57427a
In base 16, what is -ce77 - 6?
-ce7d
In base 13, what is 3 - -2b51?
2b54
In base 13, what is -738b + 6?
-7385
In base 15, what is -d99 + 2d?
-d6b
In base 15, what is -2b + 450?
424
In base 4, what is -1003233022 + 11?
-1003233011
In base 4, what is 11 - -1001231?
1001302
In base 4, what is 313120 + 1?
313121
In base 11, what is -503 + -51?
-554
In base 4, what is -1 - -10010100?
10010033
In base 5, what is 2 + -4221410?
-4221403
In base 6, what is -332422 + -4?
-332430
In base 14, what is -b + 3d13?
3d06
In base 10, what is 413 - -698?
1111
In base 5, what is 312 - -13112?
13424
In base 14, what is -2b3 + -574?
-847
In base 16, what is -a20 + 19?
-a07
In base 10, what is -1578 - 15?
-1593
In base 14, what is 69a - -1d?
6b9
In base 15, what is -de6 - -1d?
-dc8
In base 9, what is -233652 + -4?
-233656
In base 3, what is 10010211 + 20?
10011001
In base 5, what is 21 - 4340?
-4314
In base 9, what is -552335 + -5?
-552341
In base 4, what is 1302201 - 30?
1302111
In base 3, what is -10010201 - -1100220?
-1202211
In base 16, what is 36 - -51f?
555
In base 13, what is -2 - -173322?
173320
In base 13, what is 7c5 - 51?
774
In base 3, what is 21110 + 12?
21122
In base 4, what is -210310000 - -3?
-210303331
In base 8, what is 14 - 21266?
-21252
In base 5, what is -11 - 1304?
-1320
In base 15, what is 21 - -163e?
1660
In base 11, what is -7a39 - -8?
-7a31
In base 10, what is 25522 - -74?
25596
In base 11, what is -6 + 1459?
1453
In base 5, what is 1122313 - 14?
1122244
In base 11, what is 6a5 - 4a?
656
In base 6, what is 15333 + 1211?
20544
In base 8, what is 22 - 2046?
-2024
In base 4, what is 11 + -213020302?
-213020231
In base 5, what is -21 - 211013?
-211034
In base 14, what is 1524 - -49?
156d
In base 14, what is -2292 - -336?
-1d5a
In base 5, what is 212 + -3313?
-3101
In base 7, what is -5 + 344604?
344566
In base 3, what is -1112 + -101020110?
-101021222
In base 16, what is 6 - -6232?
6238
In base 12, what is -8936 + 4?
-8932
In base 7, what is -442 - -23514?
23042
In base 12, what is 392136 + 5?
39213b
In base 6, what is -5 - 10130?
-10135
In base 6, what is -2 + -412040?
-412042
In base 4, what is -10221112 - 303?
-10222021
In base 3, what is -1 + -21102222021?
-21102222022
In base 8, what is -36727 - -3?
-36724
In base 6, what is 10242 - 3?
10235
In base 10, what is 1046647 + 5?
1046652
In base 13, what is -3 + -a8c0?
-a8c3
In base 7, what is 34024 - -10?
34034
In base 7, what is 10 + -655144?
-655134
In base 6, what is 1 - 45445?
-45444
In base 6, what is 3214 + 0?
3214
In base 2, what is 10 + 1100111110111?
1100111111001
In base 9, what is -107323 - -5?
-107317
In base 7, what is 22345 - 14?
22331
In base 3, what is 1222202011 + 1222?
1222211010
In base 13, what is -13a636 - -1?
-13a635
In base 3, what is -212 - 11201012?
-11202001
In base 3, what is 121001021 + 10121?
121011212
In base 6, what is -2030500 + -1?
-2030501
In base 13, what is -240b1 - 5?
-240b6
In base 14, what is 550 - -1a4?
714
In base 4, what is 11 + -110321222?
-110321211
In base 2, what is 1000 + -100011100011001000?
-100011100011000000
In base 10, what is 3839532 + -4?
3839528
In base 5, what is -143041 + -214?
-143310
In base 13, what is -26b + -2c0?
-55b
In base 14, what is 3 + -3acd9?
-3acd6
In base 6, what is 1414 + 544?
2402
In base 5, what is 112 + -120444?
-120332
In base 9, what is 5 + 1622305?
1622311
In base 15, what is -199 - -21b?
72
In base 15, what is -88 - 50?
-d8
In base 7, what is 516 + 1652?
2501
In base 14, what is 53 - -44?
97
In base 10, what is -1256 - -15?
-1241
In base 7, what is -15342225 + -3?
-15342231
In base 15, what is -1 + -22ca?
-22cb
In base 10, what is 98571 + 1?
98572
In base 16, what is 430 + -114?
31c
In base 16, what is -d42 + 13?
-d2f
In base 2, what is -100 + 11010100100011?
11010100011111
In base 16, what is 148 + -64c?
-504
In base 2, what is -1100100 - -110011?
-110001
In base 14, what is 4 + -63733?
-6372d
In base 3, what is 202112002010 + -11?
202112001222
In base 8, what is -274371 + -5?
-274376
In base 6, what is 145 - -1001?
1150
In base 11, what is -668 + -11?
-679
In base 9, what is -163377 - 8?
-163386
In base 12, what is -27789 + -26?
-277b3
In base 15, what is 0 - bd939?
-bd939
In base 3, what is 2121 + -1022122?
-1020001
In base 16, what is -42d - 18?
-445
In base 5, what is 10023421 - 3?
10023413
In base 12, what is 6 + -6449?
-6443
In base 5, what is -12244124 - 202?
-12244331
In base 8, what is -43 + -23?
-66
In base 10, what is 98014 + 2?
98016
In base 14, what is 3 - 14199?
-14196
In base 13, what is 5 - -5c97?
5c9c
In base 14, what is -cbb - -174?
-b47
In base 13, what is 17a1 - -275?
1a46
In base 12, what is 63 + 304?
367
In base 4, what is 2 - 102032202?
-102032200
In base 10, what is 39 + 1953?
1992
In base 11, what is -501 + 22?
-48a
In base 16, what is -4f - -295?
246
In base 16, what is 1b - -3cc9?
3ce4
In base 4, what is 23 + -13200031?
-13200002
In base 8, what is -2 - 15767?
-15771
In base 11, what is -76a38 + -4?
-76a41
In base 6, what is 514423 + 4?
514431
In base 14, what is 11754c - -9?
117557
In base 9, what is 601323 + 3?
601326
In base 2, what is 1 + -1101100110111000110?
-1101100110111000101
In base 8, what is -1106 - 772?
-2100
In base 5, what is -30323 + -1301?
-32124
In base 15, what is 63e + -433?
20b
In base 9, what is -375 - 1527?
-2013
In base 13, what is 39c + -7?
395
In base 8, what is 420070 - -5?
420075
In base 3, what is -12 + -221102110202?
-221102110221
In base 16, what is 1 + -9bc90?
-9bc8f
In base 11, what is -1641 + -12?
-1653
In base 5, what is -2432403 - 10?
-2432413
In base 5, what is -10443 - 41?
-11034
In base 15, what is 18 - -3ce?
3e7
In base 13, what is -6 - 64b8?
-64c1
In base 16, what is 1 - -210b2?
210b3
In base 6, what is -2115315 + 4?
-2115311
In base 15, what is -480 + 18?
-467
In base 11, what is -46 + -8996?
-8a31
In base 7, what is 11 + 11561?
11602
In base 3, what is -12220 + 1100222001?
1100202011
In base 9, what is -1 - -121771?
121770
In base 5, what is 22 - -10010021?
10010043
In base 4, what is -23 - 121220?
-121303
In base 4, what is 23211 - 233?
22312
In base 14, what is -31bbb2 + 5?
-31bbab
In base 10, what is 0 - -121328?
121328
In base 12, what is 1 - -99524?
99525
In base 8, what is 305562 - 4?
305556
In base 7, what is -101032 - -2?
-101030
In base 11, what is 1 + 9000?
9001
In base 5, what is 20013 - 3440?
11023
In base 15, what is 3a + -47d1?
-4796
In base 6, what is 1320403 + -3?
1320400
In base 5, what is -4310322 + -2?
-4310324
In base 12, what is 1b34 + -50?
1aa4
In base 6, what is -121520 + -1?
-121521
In base 5, what is -12 + -134234?
-134301
In base 5, what is -2111402 - 10?
-2111412
In base 3, what is -11 + -101122020?
-101122101
In base 8, what is -26676643 + -2?
-26676645
In base 7, what is 5 + -52250?
-52242
In base 14, what is -3 - -44a4?
44a1
In base 4, what is 10 + 2133210?
2133220
In base 10, what is -145 - -16404?
16259
In base 15, what is -1c + e9b7?
e99a
In base 11, what is 5 - a058?
-a053
In base 14, what is c - -446c?
447a
In base 11, what is -4 + 1552?
1549
In base 6, what is -4 - 1353144?
-1353152
In base 3, what is -12100121112100 - 1?
-12100121112101
In base 3, what is 1 - -202121?
202122
In base 5, what is -3312241 - 10?
-3312301
In base 7, what is 220116 - 4?
220112
In base 7, what is 0 - 123216?
-123216
In base 15, what is 39a - 348?
52
In base 11, what is -1422707 + -5?
-1422711
In base 16, what is -14ab + -e?
-14b9
In base 6, what is 0 - -5245524?
5245524
In base 10, what is 3 - 17333?
-17330
In base 4, what is -10 - 1313121021?
-1313121031
In base 12, what is -5760b + -3?
-57612
In base 11, what is 4 - 522a5?
-522a1
In base 9, what is 0 + 1365210?
1365210
In base 12, what is 19866 - 1?
19865
In base 10, what is -17 + -95425?
-95442
In base 14, what is 79dd - 10?
79cd
In base 8, what is 4 - -1645176?
1645202
In base 3, what is 1001 + -2101110?
-2100102
In base 6, what is -211 + 20441?
20230
In base 5, what is 2 + 33404442?
33404444
In base 6, what is -434431 - -422?
-